se
Let j(u) = u**3 + 5*u**2 - 5*u + 2. Let z be j(3). Let b be 2*(-2)/3*-6. Let i = z + b. Is i composite?
False
Suppose 6*i = m + 3*i + 1, -3*i = -5*m + 19. Let t be 65 + 2/5*m. Is (0 + t)/(3/6) prime?
False
Let d be 3/(-6)*-2*1. Let l(v) be the first derivative of 161*v**4/4 - v**3/3 + v + 48. Is l(d) prime?
False
Let v = 96 - -182. Suppose g + 3*i = v, 3*g - 794 = -i - 0*i. Is g a prime number?
True
Let a(o) = 9*o - 44. Let n(v) = -5*v + 22. Let p(i) = 3*a(i) + 5*n(i). Let b be p(9). Is (818/(-8) + 2)*b prime?
True
Is 2*((-3145)/(-10) + 1) composite?
False
Let z(f) = -222*f + 1. Let w = 8 + -4. Let d be (w - 6 - 2)/2. Is z(d) prime?
False
Let i(p) = p**2 - 4*p - 18. Let y(a) = -3*a**3 + 3*a**2 + 2*a + 2. Let n be y(-2). Let j be 6/(-18) - n/(-3). Is i(j) a composite number?
False
Suppose 5*d - 39624 = -3*u + 19068, 3*u - d = 58674. Is u a prime number?
True
Suppose -35558 = -32*g + 1274. Is g a composite number?
False
Is -5 + 1 - (-342 + 3) composite?
True
Let p be (-1)/(15/(-6)) + (-5726)/(-10). Let m = p - 278. Is m a prime number?
False
Let a = 716 + -1059. Let c = -186 - a. Is c composite?
False
Suppose 4*h = -4*r + 5124, 3*h - 7859 + 1454 = -5*r. Suppose -w + i - 773 = -4*w, -5*w = -2*i - r. Is w prime?
True
Is (35/105)/(1/1167) composite?
False
Let p be (-11)/(-88) + 79/8. Let s be ((-6)/p)/(16/(-80)). Suppose s*o + 279 = 3*i, 3*o - 303 = -i - 2*i. Is i composite?
False
Suppose -3*k = 3*y - 5046, -y + 4*k + 462 + 1225 = 0. Suppose -5 + 1352 = 4*b + w, -2*w = 5*b - y. Is b prime?
True
Let p = -343 + 484. Let m = -64 + p. Is m prime?
False
Let r(a) = -75*a + 31. Let h(b) = -75*b + 30. Let c(i) = -6*h(i) + 7*r(i). Is c(-18) composite?
True
Let d(z) = -1 + 0*z - 8 + 2*z. Let b be d(7). Suppose b*g - 2*y = 269, 2*g = -g - 3*y + 153. Is g a composite number?
False
Suppose -3*s + 15666 = -2*b + 51, -3*s - 2*b = -15627. Suppose -11395 = -6*h + s. Is h composite?
False
Let v be 25/25 + 1/(2/18). Let d(u) = -u**3 - 6*u**2 - 6*u - 8. Let i be d(-6). Let f = i + v. Is f composite?
True
Let d = -93 + 81. Is (0 + (-20334)/d)*(1 - -1) a prime number?
True
Let d(k) = -k**3 + 7*k**2 - 13*k + 12. Let p be d(5). Let i(j) = -4*j**2 + 5*j**2 + 4 - 3*j**3 - 2*j**2 + 3. Is i(p) prime?
True
Let f = -6103 - -10830. Is f a composite number?
True
Let c = 4230 - 2211. Is c prime?
False
Let f(a) be the first derivative of a**4/4 + 2*a**3 - a**2/2 + 4*a - 13. Let c be f(-6). Is -1 + 3 - (-77 - c) a prime number?
True
Is 127/((-50)/55 + 0 - -1) a composite number?
True
Let v(t) = 12*t - 10*t**2 + 60*t**2 + 24 + 7*t**2. Is v(-9) composite?
True
Let h be ((-36)/45)/(2/(-35)). Let q be 4/28 - 2/h. Suppose q*v + v - 77 = 0. Is v a composite number?
True
Suppose -343539 = -66*a - 86073. Is a prime?
False
Let r = -3299 - -5946. Is r prime?
True
Suppose -4*n - 5*g + 61347 = 0, -56663 = -5*n - 2*g + 20025. Suppose -5*v + 3607 + n = 5*u, -3*v - 18913 = -5*u. Is u prime?
False
Let x(n) be the second derivative of 29*n**3/3 - 23*n**2 - 5*n. Let a(f) = 39*f - 31. Let g(o) = -7*a(o) + 5*x(o). Is g(7) a composite number?
True
Suppose 0 = -6*u + 11 + 1. Suppose u*g + 161 = 2*f - 121, 0 = -2*f + 5*g + 270. Is f a composite number?
True
Let b = 6441 - 1580. Is b composite?
False
Let j = -14044 - -33845. Is j prime?
True
Let t(y) = y**2 - 4*y + 7. Let c be t(3). Suppose -5*l = 5*h - 5200, -c*h + 2637 = 3*l - 1526. Is h prime?
False
Suppose 5*c = -5*g + 42455, c = -2*g + 4*c + 17002. Is g a prime number?
False
Suppose 46*k - 623412 = -68790. Is k prime?
False
Is (4 - 3) + (-4906)/(-1) composite?
True
Suppose 0 = -3*y + 1028 + 895. Is y prime?
True
Let x(r) = 7 + 217*r**2 + 5*r + 3*r + 2485*r**2 + 0*r. Is x(-2) prime?
True
Is -75271*(-2 + 1)/1 - 0 prime?
False
Suppose 4*g = -2*y, -4*y + 9 = -3*g - 2. Let m = 1 - g. Is 8/12*213/m prime?
True
Suppose 540*r - 532*r = 529912. Is r prime?
True
Let u = 3389 + -2270. Let q = u + 342. Is q a prime number?
False
Let c = 271 - 213. Suppose -40 = -3*r + 155. Suppose x - c = -o, 5*o - r = -x + 13. Is x prime?
True
Let n = 1626 - 968. Suppose -5*v = -7*v + n. Is v a composite number?
True
Let t(n) be the second derivative of 19*n**4/12 + n**2/2 - 6*n. Let u be t(1). Let y = u - -18. Is y composite?
True
Suppose 0 = -7*i + 3*i + 12. Let j = -722 - -389. Is ((-1)/i)/(3/j) a prime number?
True
Let o be (-6)/4*(3028/(-12) - 1). Suppose -w + 5*a = w - 75, 2*a = -4*w + 186. Let r = o - w. Is r prime?
False
Suppose 0*x + 84 = x. Suppose -7*w + 4*i = -4*w - 337, -123 = -w + 4*i. Suppose w + x = r. Is r prime?
True
Let y = 721 + -330. Suppose -4*m - y + 63 = 0. Is (9/3)/((-2)/m) composite?
True
Suppose -m + 3*s + 7 = 0, 2*m + 1 - 6 = 3*s. Is ((2 - m) + -3)*97 composite?
False
Let w be (0 - 1) + 6 + -2. Suppose v - 1412 = -w*f - 0*v, -3*v = -f + 464. Suppose f = 10*u - 8*u. Is u a composite number?
True
Let u = 151 - -238. Is u composite?
False
Let z(n) be the first derivative of n**4/4 - n**3 + n**2/2 - 7. Let k be z(3). Suppose -2*x = -2*j + 5*j - 221, k*x = j + 359. Is x a composite number?
True
Let l(f) be the first derivative of f**4/8 + f**3/6 + f**2/2 - 7. Let w(a) be the second derivative of l(a). Is w(6) a composite number?
False
Is 48 + 41647 + (-6)/1 prime?
False
Suppose -4 = -2*g - p + 1, -4*p - 35 = -3*g. Let r(z) = -5*z - 20 - 9*z**2 + 8 + 17*z**2. Is r(g) a composite number?
False
Let o(a) = 2*a + 10. Suppose -3*h + 2*n - 17 = 0, n = -4*h - 1 - 18. Let z be o(h). Suppose 4*y + 422 - 2658 = z. Is y composite?
True
Let z be -1 - 0 - 4*-32. Suppose 0 = -6*l - 2 + 56. Is z/(4 + l/(-3)) a composite number?
False
Suppose -3*g + g + 66 = 0. Suppose -a = -3*n + 23, 19 = -n + 2*a - 7*a. Is g/6*1*n composite?
True
Suppose -7*n = -2*n + 80. Let j be n/(-6)*(-27)/12. Let u(m) = -21*m + 1. Is u(j) prime?
True
Let y(p) = 3*p**3 + 16*p**2 + 27*p + 3. Let n(u) = 2*u**3 + 17*u**2 + 26*u + 4. Let b(z) = 4*n(z) - 3*y(z). Is b(18) composite?
False
Let x = 16 - 13. Let f = -14 - x. Is f*1/((-2)/38) composite?
True
Suppose -2*w = -3*y - 6*w + 7183, 0 = 4*y - 2*w - 9570. Is y composite?
False
Let r(o) = -21*o - 21. Let s(x) = 31*x + 31. Let w(m) = 8*r(m) + 5*s(m). Is w(-6) prime?
False
Let u(t) = -10*t - 39. Suppose 28*p + 125 = 23*p. Is u(p) composite?
False
Suppose 0 = 2*c + 3*a - 39715, 5*a + 8207 - 67781 = -3*c. Is c composite?
False
Suppose -9 = -2*q - 3*z, -q + z = -0*z + 3. Suppose -4*v + i = -2524, -5*v + q*i + 3155 = -i. Is v a prime number?
True
Suppose -12*m + 6416 = -20188. Is m a prime number?
False
Is (61865/10)/(6/60) a prime number?
False
Let n be 2 - -1*(3 + -2). Suppose -n*u = -u. Suppose 2*s - 982 = -3*h, -1473 = -3*s - u*s + 2*h. Is s a prime number?
True
Let f(t) = 4*t**2 - 13*t + 1. Let a(o) = o**2 - o. Let v(l) = 3*a(l) - f(l). Let i be v(7). Suppose w = c - i - 0, -c - 3*w + 32 = 0. Is c composite?
False
Let m(b) = -4549*b + 12. Is m(-5) composite?
True
Let p(m) = -m + 10. Let h be p(6). Suppose -h*q + 1 = -5*k - 4, -5*q = 4*k - 37. Is (6/10)/(q/725) a prime number?
False
Let a(p) = 12*p**2 + 23*p + 13. Let k(w) = -25*w**2 - 47*w - 26. Let y(c) = 13*a(c) + 6*k(c). Is y(-16) composite?
False
Let d(q) = -q**3 - q**2 + 5. Let k be d(0). Suppose k*f - 1063 - 832 = 0. Is f a prime number?
True
Let c(l) = 7 - 4 - 2 + 4*l - 24*l**3. Is c(-2) a prime number?
False
Let q = 308 - -3034. Suppose 2*i - 8*i + q = 0. Is i prime?
True
Is (-62894)/(-10) - 5/(75/6) composite?
True
Suppose 9*q = -3791 + 18902. Is q a prime number?
False
Let t = 120609 - 82178. Is t composite?
False
Suppose 0 = -4*l - b + 89873, 3*l - 4*b - 65160 = 2259. Is l prime?
True
Suppose 5*v + w = 5 + 3, -2*v = 2*w - 8. Is 1 + 114 - (-6 + (4 - v)) a prime number?
False
Suppose 1026*x - 1024*x - 11062 = 0. Is x a prime number?
True
Let p(k) = 257*k - 35. Let u = 4 - 0. Is p(u) prime?
False
Let u(d) be the first derivative of 3*d + 41/3*d**3 + 2*d**2 + 3. Is u(-2) a composite number?
True
Suppose -10*n + 1946149 = -1521. Is n a prime number?
True
Let n = -2 + 6. Suppose o + n*o = -10. Is (4/(-12))/(o/1974) prime?
False
Suppose 2*w - w = -25. Let r = w + -3. Is (-2652)/r + 6/21 a composite number?
True
Let c(f) be the third derivative of 7*f**4/3 + f**3/6 - 2*f**2. Suppose -5*b + 5 = 0, -3*r + 4*r - 2*b - 4 = 0. Is c(r) prime?
True
Let m = 11 - 9. Suppose m*x - 823 = -4*l - l, -2*x -